{"id":10372,"date":"2025-11-03T12:17:02","date_gmt":"2025-11-03T11:17:02","guid":{"rendered":"https:\/\/lapernichecatering.com:8000\/?page_id=10372"},"modified":"2025-12-05T18:57:59","modified_gmt":"2025-12-05T17:57:59","slug":"formulario-de-contacto-de-eventos","status":"publish","type":"page","link":"https:\/\/www.lapernichecatering.com\/?page_id=10372","title":{"rendered":"Formulario de contacto de eventos"},"content":{"rendered":"\t\t<div data-elementor-type=\"wp-page\" data-elementor-id=\"10372\" class=\"elementor elementor-10372\">\n\t\t\t\t\t\t<div class=\"elementor-section elementor-top-section elementor-element elementor-element-d25e03c elementor-section-height-min-height elementor-section-stretched elementor-section-boxed elementor-section-height-default elementor-section-items-middle\" data-id=\"d25e03c\" data-element_type=\"section\" data-settings=\"{&quot;background_background&quot;:&quot;classic&quot;,&quot;stretch_section&quot;:&quot;section-stretched&quot;}\">\n\t\t\t\t\t\t<div class=\"elementor-container elementor-column-gap-no\">\n\t\t\t\t\t<div class=\"elementor-column elementor-col-100 elementor-top-column elementor-element elementor-element-e70a5da\" data-id=\"e70a5da\" data-element_type=\"column\">\n\t\t\t<div class=\"elementor-widget-wrap\">\n\t\t\t\t\t\t\t<\/div>\n\t\t<\/div>\n\t\t\t\t\t<\/div>\n\t\t<\/div>\n\t\t\t\t<div class=\"elementor-section elementor-top-section elementor-element elementor-element-b84f98a elementor-section-full_width elementor-section-stretched elementor-section-height-default elementor-section-height-default\" data-id=\"b84f98a\" data-element_type=\"section\" data-settings=\"{&quot;stretch_section&quot;:&quot;section-stretched&quot;,&quot;background_background&quot;:&quot;classic&quot;}\">\n\t\t\t\t\t\t<div class=\"elementor-container elementor-column-gap-no\">\n\t\t\t\t\t<div class=\"elementor-column elementor-col-100 elementor-top-column elementor-element elementor-element-aed1b0a\" data-id=\"aed1b0a\" data-element_type=\"column\" data-settings=\"{&quot;background_background&quot;:&quot;classic&quot;}\">\n\t\t\t<div class=\"elementor-widget-wrap elementor-element-populated\">\n\t\t\t\t\t\t<div class=\"elementor-element elementor-element-9536f6b elementor-widget__width-initial elementor-widget elementor-widget-heading\" data-id=\"9536f6b\" data-element_type=\"widget\" data-widget_type=\"heading.default\">\n\t\t\t\t\t<h2 class=\"elementor-heading-title elementor-size-default\">\u00a1Reserva tu evento!<\/h2>\t\t\t\t<\/div>\n\t\t\t\t\t<\/div>\n\t\t<\/div>\n\t\t\t\t\t<\/div>\n\t\t<\/div>\n\t\t<div class=\"elementor-element elementor-element-472b270 e-flex e-con-boxed e-con e-parent\" data-id=\"472b270\" data-element_type=\"container\">\n\t\t\t\t\t<div class=\"e-con-inner\">\n\t\t<div class=\"elementor-element elementor-element-9c51585 e-con-full e-flex e-con e-child\" data-id=\"9c51585\" data-element_type=\"container\">\n\t\t\t\t<div class=\"elementor-element elementor-element-7e571fe elementor-widget elementor-widget-xocora-contactform\" data-id=\"7e571fe\" data-element_type=\"widget\" data-widget_type=\"xocora-contactform.default\">\n\t\t\t\t<div class=\"elementor-widget-container\">\n\t\t\t\t\t\n<div class=\"wpcf7 no-js\" id=\"wpcf7-f10371-o1\" lang=\"es-ES\" dir=\"ltr\" data-wpcf7-id=\"10371\">\n<div class=\"screen-reader-response\"><p role=\"status\" aria-live=\"polite\" aria-atomic=\"true\"><\/p> <ul><\/ul><\/div>\n<form action=\"\/index.php?rest_route=%2Fwp%2Fv2%2Fpages%2F10372#wpcf7-f10371-o1\" method=\"post\" class=\"wpcf7-form init\" aria-label=\"Contact form\" novalidate=\"novalidate\" data-status=\"init\">\n<fieldset class=\"hidden-fields-container\"><input type=\"hidden\" name=\"_wpcf7\" value=\"10371\" \/><input type=\"hidden\" name=\"_wpcf7_version\" value=\"6.1.2\" \/><input type=\"hidden\" name=\"_wpcf7_locale\" value=\"es_ES\" \/><input type=\"hidden\" name=\"_wpcf7_unit_tag\" value=\"wpcf7-f10371-o1\" \/><input type=\"hidden\" name=\"_wpcf7_container_post\" value=\"0\" \/><input type=\"hidden\" name=\"_wpcf7_posted_data_hash\" value=\"\" \/><input type=\"hidden\" name=\"_wpcf7_recaptcha_response\" value=\"\" \/>\n<\/fieldset>\n<p><label> Nombre y apellidos*<br \/>\n<span class=\"wpcf7-form-control-wrap\" data-name=\"your-name\"><input size=\"40\" maxlength=\"400\" class=\"wpcf7-form-control wpcf7-text wpcf7-validates-as-required\" autocomplete=\"name\" aria-required=\"true\" aria-invalid=\"false\" value=\"\" type=\"text\" name=\"your-name\" \/><\/span> <\/label><br \/>\n<label> Email*<br \/>\n<span class=\"wpcf7-form-control-wrap\" data-name=\"your-email\"><input size=\"40\" maxlength=\"400\" class=\"wpcf7-form-control wpcf7-email wpcf7-validates-as-required wpcf7-text wpcf7-validates-as-email\" autocomplete=\"email\" aria-required=\"true\" aria-invalid=\"false\" value=\"\" type=\"email\" name=\"your-email\" \/><\/span> <\/label>\n<\/p>\n<p><label> Tel\u00e9fono*<br \/>\n<span class=\"wpcf7-form-control-wrap\" data-name=\"tel-13\"><input size=\"40\" maxlength=\"400\" class=\"wpcf7-form-control wpcf7-tel wpcf7-validates-as-required wpcf7-text wpcf7-validates-as-tel\" aria-required=\"true\" aria-invalid=\"false\" value=\"\" type=\"tel\" name=\"tel-13\" \/><\/span><\/label>\n<\/p>\n<p><label> Fecha del evento*<br \/>\n<span class=\"wpcf7-form-control-wrap\" data-name=\"date-127\"><input class=\"wpcf7-form-control wpcf7-date wpcf7-validates-as-required wpcf7-validates-as-date\" aria-required=\"true\" aria-invalid=\"false\" value=\"\" type=\"date\" name=\"date-127\" \/><\/span><\/label>\n<\/p>\n<p><label> N\u00famero de comensales*<br \/>\n<span class=\"wpcf7-form-control-wrap\" data-name=\"people\"><input size=\"40\" maxlength=\"400\" class=\"wpcf7-form-control wpcf7-text wpcf7-validates-as-required\" aria-required=\"true\" aria-invalid=\"false\" value=\"\" type=\"text\" name=\"people\" \/><\/span> <\/label>\n<\/p>\n<p><label> Tipo de evento*<br \/>\n<span class=\"wpcf7-form-control-wrap\" data-name=\"tipo-catering\"><select class=\"wpcf7-form-control wpcf7-select wpcf7-validates-as-required\" aria-required=\"true\" aria-invalid=\"false\" name=\"tipo-catering\"><option value=\"Catering - Evento privado\">Catering - Evento privado<\/option><option value=\"Catering - Evento corporativo\">Catering - Evento corporativo<\/option><option value=\"Catering - Delivery\">Catering - Delivery<\/option><option value=\"Catering - Delivery con servicio de camareros\">Catering - Delivery con servicio de camareros<\/option><\/select><\/span> <\/label>\n<\/p>\n<p><label> Decoraci\u00f3n del evento*<\/label><br \/>\n<span class=\"wpcf7-form-control-wrap\" data-name=\"checkbox-348\"><span class=\"wpcf7-form-control wpcf7-checkbox wpcf7-validates-as-required\"><span class=\"wpcf7-list-item first\"><label><input type=\"checkbox\" name=\"checkbox-348[]\" value=\"Floral\" \/><span class=\"wpcf7-list-item-label\">Floral<\/span><\/label><\/span><span class=\"wpcf7-list-item\"><label><input type=\"checkbox\" name=\"checkbox-348[]\" value=\"Elementos decorativos\" \/><span class=\"wpcf7-list-item-label\">Elementos decorativos<\/span><\/label><\/span><span class=\"wpcf7-list-item\"><label><input type=\"checkbox\" name=\"checkbox-348[]\" value=\"Vajilla y cristaler\u00eda\" \/><span class=\"wpcf7-list-item-label\">Vajilla y cristaler\u00eda<\/span><\/label><\/span><span class=\"wpcf7-list-item last\"><label><input type=\"checkbox\" name=\"checkbox-348[]\" value=\"Ninguna opci\u00f3n me interesa\" \/><span class=\"wpcf7-list-item-label\">Ninguna opci\u00f3n me interesa<\/span><\/label><\/span><\/span><\/span>\n<\/p>\n<p><label> Mensaje (opcional)<br \/>\n<span class=\"wpcf7-form-control-wrap\" data-name=\"your-message\"><textarea cols=\"40\" rows=\"10\" maxlength=\"2000\" class=\"wpcf7-form-control wpcf7-textarea\" aria-invalid=\"false\" name=\"your-message\"><\/textarea><\/span> <\/label>\n<\/p>\n<p><input class=\"wpcf7-form-control wpcf7-submit has-spinner\" type=\"submit\" value=\"Rellena tu formulario de eventos\" \/>\n<\/p><div class=\"wpcf7-response-output\" aria-hidden=\"true\"><\/div>\n<\/form>\n<\/div>\n\t\t\t\t<\/div>\n\t\t\t\t<\/div>\n\t\t\t\t<\/div>\n\t\t<div class=\"elementor-element elementor-element-14fb4b9 e-con-full e-flex e-con e-child\" data-id=\"14fb4b9\" data-element_type=\"container\">\n\t\t\t\t<div class=\"elementor-element elementor-element-2912325 elementor-widget elementor-widget-image\" data-id=\"2912325\" data-element_type=\"widget\" data-widget_type=\"image.default\">\n\t\t\t\t\t\t\t\t\t\t\t\t\t\t\t<img fetchpriority=\"high\" decoding=\"async\" width=\"800\" height=\"1200\" src=\"https:\/\/www.lapernichecatering.com\/wp-content\/uploads\/2025\/12\/CAMBIAR-IMAGEN-FONOD-CATERING-Y-EVENTOS-v2--800x1200.jpg\" class=\"attachment-woocommerce_single size-woocommerce_single wp-image-10847\" alt=\"\" srcset=\"https:\/\/www.lapernichecatering.com\/wp-content\/uploads\/2025\/12\/CAMBIAR-IMAGEN-FONOD-CATERING-Y-EVENTOS-v2--800x1200.jpg 800w, https:\/\/www.lapernichecatering.com\/wp-content\/uploads\/2025\/12\/CAMBIAR-IMAGEN-FONOD-CATERING-Y-EVENTOS-v2-.jpg 833w\" sizes=\"(max-width: 800px) 100vw, 800px\" \/>\t\t\t\t\t\t\t\t\t\t\t\t\t\t\t<\/div>\n\t\t\t\t<\/div>\n\t\t\t\t\t<\/div>\n\t\t\t\t<\/div>\n\t\t<div class=\"elementor-element elementor-element-9591de9 e-flex e-con-boxed e-con e-parent\" data-id=\"9591de9\" data-element_type=\"container\">\n\t\t\t\t\t<div class=\"e-con-inner\">\n\t\t\t\t\t<\/div>\n\t\t\t\t<\/div>\n\t\t\t\t<\/div>\n\t\t","protected":false},"excerpt":{"rendered":"<p>\u00a1Reserva tu evento! Nombre y apellidos* Email* Tel\u00e9fono* Fecha del evento* N\u00famero de comensales* Tipo de evento* Decoraci\u00f3n del evento* FloralElementos decorativosVajilla y cristaler\u00edaNinguna opci\u00f3n me interesa Mensaje (opcional)<\/p>\n","protected":false},"author":1,"featured_media":0,"parent":0,"menu_order":0,"comment_status":"closed","ping_status":"closed","template":"template-homepage.php","meta":{"footnotes":""},"class_list":["post-10372","page","type-page","status-publish","hentry"],"yoast_head":"<!-- This site is optimized with the Yoast SEO plugin v26.6 - https:\/\/yoast.com\/wordpress\/plugins\/seo\/ -->\n<title>Formulario de contacto de eventos - La Perniche Catering<\/title>\n<meta name=\"robots\" content=\"index, follow, max-snippet:-1, max-image-preview:large, max-video-preview:-1\" \/>\n<link rel=\"canonical\" href=\"https:\/\/www.lapernichecatering.com\/?page_id=10372\" \/>\n<meta property=\"og:locale\" content=\"es_ES\" \/>\n<meta property=\"og:type\" content=\"article\" \/>\n<meta property=\"og:title\" content=\"Formulario de contacto de eventos - La Perniche Catering\" \/>\n<meta property=\"og:description\" content=\"\u00a1Reserva tu evento! Nombre y apellidos* Email* Tel\u00e9fono* Fecha del evento* N\u00famero de comensales* Tipo de evento* Decoraci\u00f3n del evento* FloralElementos decorativosVajilla y cristaler\u00edaNinguna opci\u00f3n me interesa Mensaje (opcional)\" \/>\n<meta property=\"og:url\" content=\"https:\/\/www.lapernichecatering.com\/?page_id=10372\" \/>\n<meta property=\"og:site_name\" content=\"La Perniche Catering\" \/>\n<meta property=\"article:modified_time\" content=\"2025-12-05T17:57:59+00:00\" \/>\n<meta property=\"og:image\" content=\"https:\/\/lapernichecatering.com\/wp-content\/uploads\/2025\/12\/CAMBIAR-IMAGEN-FONOD-CATERING-Y-EVENTOS-v2-.jpg\" \/>\n<meta name=\"twitter:card\" content=\"summary_large_image\" \/>\n<script type=\"application\/ld+json\" class=\"yoast-schema-graph\">{\"@context\":\"https:\/\/schema.org\",\"@graph\":[{\"@type\":\"WebPage\",\"@id\":\"https:\/\/www.lapernichecatering.com\/?page_id=10372\",\"url\":\"https:\/\/www.lapernichecatering.com\/?page_id=10372\",\"name\":\"Formulario de contacto de eventos - La Perniche Catering\",\"isPartOf\":{\"@id\":\"https:\/\/www.lapernichecatering.com\/#website\"},\"primaryImageOfPage\":{\"@id\":\"https:\/\/www.lapernichecatering.com\/?page_id=10372#primaryimage\"},\"image\":{\"@id\":\"https:\/\/www.lapernichecatering.com\/?page_id=10372#primaryimage\"},\"thumbnailUrl\":\"https:\/\/lapernichecatering.com\/wp-content\/uploads\/2025\/12\/CAMBIAR-IMAGEN-FONOD-CATERING-Y-EVENTOS-v2-.jpg\",\"datePublished\":\"2025-11-03T11:17:02+00:00\",\"dateModified\":\"2025-12-05T17:57:59+00:00\",\"breadcrumb\":{\"@id\":\"https:\/\/www.lapernichecatering.com\/?page_id=10372#breadcrumb\"},\"inLanguage\":\"es\",\"potentialAction\":[{\"@type\":\"ReadAction\",\"target\":[\"https:\/\/www.lapernichecatering.com\/?page_id=10372\"]}]},{\"@type\":\"ImageObject\",\"inLanguage\":\"es\",\"@id\":\"https:\/\/www.lapernichecatering.com\/?page_id=10372#primaryimage\",\"url\":\"https:\/\/lapernichecatering.com\/wp-content\/uploads\/2025\/12\/CAMBIAR-IMAGEN-FONOD-CATERING-Y-EVENTOS-v2-.jpg\",\"contentUrl\":\"https:\/\/lapernichecatering.com\/wp-content\/uploads\/2025\/12\/CAMBIAR-IMAGEN-FONOD-CATERING-Y-EVENTOS-v2-.jpg\"},{\"@type\":\"BreadcrumbList\",\"@id\":\"https:\/\/www.lapernichecatering.com\/?page_id=10372#breadcrumb\",\"itemListElement\":[{\"@type\":\"ListItem\",\"position\":1,\"name\":\"Home\",\"item\":\"https:\/\/www.lapernichecatering.com\/\"},{\"@type\":\"ListItem\",\"position\":2,\"name\":\"Formulario de contacto de eventos\"}]},{\"@type\":\"WebSite\",\"@id\":\"https:\/\/www.lapernichecatering.com\/#website\",\"url\":\"https:\/\/www.lapernichecatering.com\/\",\"name\":\"La Perniche Catering\",\"description\":\"\",\"publisher\":{\"@id\":\"https:\/\/www.lapernichecatering.com\/#organization\"},\"potentialAction\":[{\"@type\":\"SearchAction\",\"target\":{\"@type\":\"EntryPoint\",\"urlTemplate\":\"https:\/\/www.lapernichecatering.com\/?s={search_term_string}\"},\"query-input\":{\"@type\":\"PropertyValueSpecification\",\"valueRequired\":true,\"valueName\":\"search_term_string\"}}],\"inLanguage\":\"es\"},{\"@type\":\"Organization\",\"@id\":\"https:\/\/www.lapernichecatering.com\/#organization\",\"name\":\"La Perniche Catering\",\"url\":\"https:\/\/www.lapernichecatering.com\/\",\"logo\":{\"@type\":\"ImageObject\",\"inLanguage\":\"es\",\"@id\":\"https:\/\/www.lapernichecatering.com\/#\/schema\/logo\/image\/\",\"url\":\"https:\/\/www.lapernichecatering.com\/wp-content\/uploads\/2025\/11\/cropped-Logo_web_250-1.png\",\"contentUrl\":\"https:\/\/www.lapernichecatering.com\/wp-content\/uploads\/2025\/11\/cropped-Logo_web_250-1.png\",\"width\":302,\"height\":250,\"caption\":\"La Perniche Catering\"},\"image\":{\"@id\":\"https:\/\/www.lapernichecatering.com\/#\/schema\/logo\/image\/\"}}]}<\/script>\n<!-- \/ Yoast SEO plugin. -->","yoast_head_json":{"title":"Formulario de contacto de eventos - La Perniche Catering","robots":{"index":"index","follow":"follow","max-snippet":"max-snippet:-1","max-image-preview":"max-image-preview:large","max-video-preview":"max-video-preview:-1"},"canonical":"https:\/\/www.lapernichecatering.com\/?page_id=10372","og_locale":"es_ES","og_type":"article","og_title":"Formulario de contacto de eventos - La Perniche Catering","og_description":"\u00a1Reserva tu evento! Nombre y apellidos* Email* Tel\u00e9fono* Fecha del evento* N\u00famero de comensales* Tipo de evento* Decoraci\u00f3n del evento* FloralElementos decorativosVajilla y cristaler\u00edaNinguna opci\u00f3n me interesa Mensaje (opcional)","og_url":"https:\/\/www.lapernichecatering.com\/?page_id=10372","og_site_name":"La Perniche Catering","article_modified_time":"2025-12-05T17:57:59+00:00","og_image":[{"url":"https:\/\/lapernichecatering.com\/wp-content\/uploads\/2025\/12\/CAMBIAR-IMAGEN-FONOD-CATERING-Y-EVENTOS-v2-.jpg","type":"","width":"","height":""}],"twitter_card":"summary_large_image","schema":{"@context":"https:\/\/schema.org","@graph":[{"@type":"WebPage","@id":"https:\/\/www.lapernichecatering.com\/?page_id=10372","url":"https:\/\/www.lapernichecatering.com\/?page_id=10372","name":"Formulario de contacto de eventos - La Perniche Catering","isPartOf":{"@id":"https:\/\/www.lapernichecatering.com\/#website"},"primaryImageOfPage":{"@id":"https:\/\/www.lapernichecatering.com\/?page_id=10372#primaryimage"},"image":{"@id":"https:\/\/www.lapernichecatering.com\/?page_id=10372#primaryimage"},"thumbnailUrl":"https:\/\/lapernichecatering.com\/wp-content\/uploads\/2025\/12\/CAMBIAR-IMAGEN-FONOD-CATERING-Y-EVENTOS-v2-.jpg","datePublished":"2025-11-03T11:17:02+00:00","dateModified":"2025-12-05T17:57:59+00:00","breadcrumb":{"@id":"https:\/\/www.lapernichecatering.com\/?page_id=10372#breadcrumb"},"inLanguage":"es","potentialAction":[{"@type":"ReadAction","target":["https:\/\/www.lapernichecatering.com\/?page_id=10372"]}]},{"@type":"ImageObject","inLanguage":"es","@id":"https:\/\/www.lapernichecatering.com\/?page_id=10372#primaryimage","url":"https:\/\/lapernichecatering.com\/wp-content\/uploads\/2025\/12\/CAMBIAR-IMAGEN-FONOD-CATERING-Y-EVENTOS-v2-.jpg","contentUrl":"https:\/\/lapernichecatering.com\/wp-content\/uploads\/2025\/12\/CAMBIAR-IMAGEN-FONOD-CATERING-Y-EVENTOS-v2-.jpg"},{"@type":"BreadcrumbList","@id":"https:\/\/www.lapernichecatering.com\/?page_id=10372#breadcrumb","itemListElement":[{"@type":"ListItem","position":1,"name":"Home","item":"https:\/\/www.lapernichecatering.com\/"},{"@type":"ListItem","position":2,"name":"Formulario de contacto de eventos"}]},{"@type":"WebSite","@id":"https:\/\/www.lapernichecatering.com\/#website","url":"https:\/\/www.lapernichecatering.com\/","name":"La Perniche Catering","description":"","publisher":{"@id":"https:\/\/www.lapernichecatering.com\/#organization"},"potentialAction":[{"@type":"SearchAction","target":{"@type":"EntryPoint","urlTemplate":"https:\/\/www.lapernichecatering.com\/?s={search_term_string}"},"query-input":{"@type":"PropertyValueSpecification","valueRequired":true,"valueName":"search_term_string"}}],"inLanguage":"es"},{"@type":"Organization","@id":"https:\/\/www.lapernichecatering.com\/#organization","name":"La Perniche Catering","url":"https:\/\/www.lapernichecatering.com\/","logo":{"@type":"ImageObject","inLanguage":"es","@id":"https:\/\/www.lapernichecatering.com\/#\/schema\/logo\/image\/","url":"https:\/\/www.lapernichecatering.com\/wp-content\/uploads\/2025\/11\/cropped-Logo_web_250-1.png","contentUrl":"https:\/\/www.lapernichecatering.com\/wp-content\/uploads\/2025\/11\/cropped-Logo_web_250-1.png","width":302,"height":250,"caption":"La Perniche Catering"},"image":{"@id":"https:\/\/www.lapernichecatering.com\/#\/schema\/logo\/image\/"}}]}},"_links":{"self":[{"href":"https:\/\/www.lapernichecatering.com\/index.php?rest_route=\/wp\/v2\/pages\/10372","targetHints":{"allow":["GET"]}}],"collection":[{"href":"https:\/\/www.lapernichecatering.com\/index.php?rest_route=\/wp\/v2\/pages"}],"about":[{"href":"https:\/\/www.lapernichecatering.com\/index.php?rest_route=\/wp\/v2\/types\/page"}],"author":[{"embeddable":true,"href":"https:\/\/www.lapernichecatering.com\/index.php?rest_route=\/wp\/v2\/users\/1"}],"replies":[{"embeddable":true,"href":"https:\/\/www.lapernichecatering.com\/index.php?rest_route=%2Fwp%2Fv2%2Fcomments&post=10372"}],"version-history":[{"count":43,"href":"https:\/\/www.lapernichecatering.com\/index.php?rest_route=\/wp\/v2\/pages\/10372\/revisions"}],"predecessor-version":[{"id":10850,"href":"https:\/\/www.lapernichecatering.com\/index.php?rest_route=\/wp\/v2\/pages\/10372\/revisions\/10850"}],"wp:attachment":[{"href":"https:\/\/www.lapernichecatering.com\/index.php?rest_route=%2Fwp%2Fv2%2Fmedia&parent=10372"}],"curies":[{"name":"wp","href":"https:\/\/api.w.org\/{rel}","templated":true}]}}