{"id":11229,"date":"2025-12-08T21:30:05","date_gmt":"2025-12-08T20:30:05","guid":{"rendered":"https:\/\/lapernichecatering.com\/?post_type=product&#038;p=11229"},"modified":"2026-02-24T22:30:15","modified_gmt":"2026-02-24T21:30:15","slug":"ensalada-de-bulgur-con-alcachofas","status":"publish","type":"product","link":"https:\/\/www.lapernichecatering.com\/?product=ensalada-de-bulgur-con-alcachofas","title":{"rendered":"Ensalada de bulgur con alcachofas"},"content":{"rendered":"","protected":false},"excerpt":{"rendered":"<p>Al\u00e9rgenos: gluten, l\u00e1cteos y frutos secos.<\/p>\n<p>En nuestro obrador se trabajan con todos los al\u00e9rgenos, por lo que puede contener trazas de gluten, huevos, soja, l\u00e1cteos, frutos secos, mostaza, s\u00e9samo, apio, pescado, crust\u00e1ceos, moluscos, altramuces, cacahuetes y sulfitos.<\/p>\n","protected":false},"featured_media":11230,"template":"","meta":[],"product_cat":[79,103,73],"product_tag":[],"class_list":{"0":"post-11229","1":"product","2":"type-product","3":"status-publish","4":"has-post-thumbnail","6":"product_cat-guarniciones","7":"product_cat-ensaladas-individuales","8":"product_cat-salados","10":"first","11":"instock","12":"shipping-taxable","13":"purchasable","14":"product-type-variable"},"yoast_head":"<!-- This site is optimized with the Yoast SEO plugin v26.6 - https:\/\/yoast.com\/wordpress\/plugins\/seo\/ -->\n<title>Ensalada de bulgur con alcachofas - La Perniche Catering<\/title>\n<meta name=\"robots\" content=\"index, follow, max-snippet:-1, max-image-preview:large, max-video-preview:-1\" \/>\n<link rel=\"canonical\" href=\"https:\/\/www.lapernichecatering.com\/?product=ensalada-de-bulgur-con-alcachofas\" \/>\n<meta property=\"og:locale\" content=\"es_ES\" \/>\n<meta property=\"og:type\" content=\"article\" \/>\n<meta property=\"og:title\" content=\"Ensalada de bulgur con alcachofas - La Perniche Catering\" \/>\n<meta property=\"og:description\" content=\"Al\u00e9rgenos: gluten, l\u00e1cteos y frutos secos.  En nuestro obrador se trabajan con todos los al\u00e9rgenos, por lo que puede contener trazas de gluten, huevos, soja, l\u00e1cteos, frutos secos, mostaza, s\u00e9samo, apio, pescado, crust\u00e1ceos, moluscos, altramuces, cacahuetes y sulfitos.\" \/>\n<meta property=\"og:url\" content=\"https:\/\/www.lapernichecatering.com\/?product=ensalada-de-bulgur-con-alcachofas\" \/>\n<meta property=\"og:site_name\" content=\"La Perniche Catering\" \/>\n<meta property=\"article:modified_time\" content=\"2026-02-24T21:30:15+00:00\" \/>\n<meta property=\"og:image\" content=\"https:\/\/www.lapernichecatering.com\/wp-content\/uploads\/2025\/12\/3575607347.jpg\" \/>\n\t<meta property=\"og:image:width\" content=\"1125\" \/>\n\t<meta property=\"og:image:height\" content=\"1125\" \/>\n\t<meta property=\"og:image:type\" content=\"image\/jpeg\" \/>\n<meta name=\"twitter:card\" content=\"summary_large_image\" \/>\n<meta name=\"twitter:label1\" content=\"Est. reading time\" \/>\n\t<meta name=\"twitter:data1\" content=\"1 minuto\" \/>\n<script type=\"application\/ld+json\" class=\"yoast-schema-graph\">{\"@context\":\"https:\/\/schema.org\",\"@graph\":[{\"@type\":\"WebPage\",\"@id\":\"https:\/\/www.lapernichecatering.com\/?product=ensalada-de-bulgur-con-alcachofas\",\"url\":\"https:\/\/www.lapernichecatering.com\/?product=ensalada-de-bulgur-con-alcachofas\",\"name\":\"Ensalada de bulgur con alcachofas - La Perniche Catering\",\"isPartOf\":{\"@id\":\"https:\/\/www.lapernichecatering.com\/#website\"},\"primaryImageOfPage\":{\"@id\":\"https:\/\/www.lapernichecatering.com\/?product=ensalada-de-bulgur-con-alcachofas#primaryimage\"},\"image\":{\"@id\":\"https:\/\/www.lapernichecatering.com\/?product=ensalada-de-bulgur-con-alcachofas#primaryimage\"},\"thumbnailUrl\":\"https:\/\/www.lapernichecatering.com\/wp-content\/uploads\/2025\/12\/3575607347.jpg\",\"datePublished\":\"2025-12-08T20:30:05+00:00\",\"dateModified\":\"2026-02-24T21:30:15+00:00\",\"breadcrumb\":{\"@id\":\"https:\/\/www.lapernichecatering.com\/?product=ensalada-de-bulgur-con-alcachofas#breadcrumb\"},\"inLanguage\":\"es\",\"potentialAction\":[{\"@type\":\"ReadAction\",\"target\":[\"https:\/\/www.lapernichecatering.com\/?product=ensalada-de-bulgur-con-alcachofas\"]}]},{\"@type\":\"ImageObject\",\"inLanguage\":\"es\",\"@id\":\"https:\/\/www.lapernichecatering.com\/?product=ensalada-de-bulgur-con-alcachofas#primaryimage\",\"url\":\"https:\/\/www.lapernichecatering.com\/wp-content\/uploads\/2025\/12\/3575607347.jpg\",\"contentUrl\":\"https:\/\/www.lapernichecatering.com\/wp-content\/uploads\/2025\/12\/3575607347.jpg\",\"width\":1125,\"height\":1125},{\"@type\":\"BreadcrumbList\",\"@id\":\"https:\/\/www.lapernichecatering.com\/?product=ensalada-de-bulgur-con-alcachofas#breadcrumb\",\"itemListElement\":[{\"@type\":\"ListItem\",\"position\":1,\"name\":\"Home\",\"item\":\"https:\/\/www.lapernichecatering.com\/\"},{\"@type\":\"ListItem\",\"position\":2,\"name\":\"Tienda\",\"item\":\"https:\/\/www.lapernichecatering.com\/?page_id=7\"},{\"@type\":\"ListItem\",\"position\":3,\"name\":\"Ensalada de bulgur con alcachofas\"}]},{\"@type\":\"WebSite\",\"@id\":\"https:\/\/www.lapernichecatering.com\/#website\",\"url\":\"https:\/\/www.lapernichecatering.com\/\",\"name\":\"La Perniche Catering\",\"description\":\"\",\"publisher\":{\"@id\":\"https:\/\/www.lapernichecatering.com\/#organization\"},\"potentialAction\":[{\"@type\":\"SearchAction\",\"target\":{\"@type\":\"EntryPoint\",\"urlTemplate\":\"https:\/\/www.lapernichecatering.com\/?s={search_term_string}\"},\"query-input\":{\"@type\":\"PropertyValueSpecification\",\"valueRequired\":true,\"valueName\":\"search_term_string\"}}],\"inLanguage\":\"es\"},{\"@type\":\"Organization\",\"@id\":\"https:\/\/www.lapernichecatering.com\/#organization\",\"name\":\"La Perniche Catering\",\"url\":\"https:\/\/www.lapernichecatering.com\/\",\"logo\":{\"@type\":\"ImageObject\",\"inLanguage\":\"es\",\"@id\":\"https:\/\/www.lapernichecatering.com\/#\/schema\/logo\/image\/\",\"url\":\"https:\/\/www.lapernichecatering.com\/wp-content\/uploads\/2025\/11\/cropped-Logo_web_250-1.png\",\"contentUrl\":\"https:\/\/www.lapernichecatering.com\/wp-content\/uploads\/2025\/11\/cropped-Logo_web_250-1.png\",\"width\":302,\"height\":250,\"caption\":\"La Perniche Catering\"},\"image\":{\"@id\":\"https:\/\/www.lapernichecatering.com\/#\/schema\/logo\/image\/\"}}]}<\/script>\n<!-- \/ Yoast SEO plugin. -->","yoast_head_json":{"title":"Ensalada de bulgur con alcachofas - La Perniche Catering","robots":{"index":"index","follow":"follow","max-snippet":"max-snippet:-1","max-image-preview":"max-image-preview:large","max-video-preview":"max-video-preview:-1"},"canonical":"https:\/\/www.lapernichecatering.com\/?product=ensalada-de-bulgur-con-alcachofas","og_locale":"es_ES","og_type":"article","og_title":"Ensalada de bulgur con alcachofas - La Perniche Catering","og_description":"Al\u00e9rgenos: gluten, l\u00e1cteos y frutos secos.  En nuestro obrador se trabajan con todos los al\u00e9rgenos, por lo que puede contener trazas de gluten, huevos, soja, l\u00e1cteos, frutos secos, mostaza, s\u00e9samo, apio, pescado, crust\u00e1ceos, moluscos, altramuces, cacahuetes y sulfitos.","og_url":"https:\/\/www.lapernichecatering.com\/?product=ensalada-de-bulgur-con-alcachofas","og_site_name":"La Perniche Catering","article_modified_time":"2026-02-24T21:30:15+00:00","og_image":[{"width":1125,"height":1125,"url":"https:\/\/www.lapernichecatering.com\/wp-content\/uploads\/2025\/12\/3575607347.jpg","type":"image\/jpeg"}],"twitter_card":"summary_large_image","twitter_misc":{"Est. reading time":"1 minuto"},"schema":{"@context":"https:\/\/schema.org","@graph":[{"@type":"WebPage","@id":"https:\/\/www.lapernichecatering.com\/?product=ensalada-de-bulgur-con-alcachofas","url":"https:\/\/www.lapernichecatering.com\/?product=ensalada-de-bulgur-con-alcachofas","name":"Ensalada de bulgur con alcachofas - La Perniche Catering","isPartOf":{"@id":"https:\/\/www.lapernichecatering.com\/#website"},"primaryImageOfPage":{"@id":"https:\/\/www.lapernichecatering.com\/?product=ensalada-de-bulgur-con-alcachofas#primaryimage"},"image":{"@id":"https:\/\/www.lapernichecatering.com\/?product=ensalada-de-bulgur-con-alcachofas#primaryimage"},"thumbnailUrl":"https:\/\/www.lapernichecatering.com\/wp-content\/uploads\/2025\/12\/3575607347.jpg","datePublished":"2025-12-08T20:30:05+00:00","dateModified":"2026-02-24T21:30:15+00:00","breadcrumb":{"@id":"https:\/\/www.lapernichecatering.com\/?product=ensalada-de-bulgur-con-alcachofas#breadcrumb"},"inLanguage":"es","potentialAction":[{"@type":"ReadAction","target":["https:\/\/www.lapernichecatering.com\/?product=ensalada-de-bulgur-con-alcachofas"]}]},{"@type":"ImageObject","inLanguage":"es","@id":"https:\/\/www.lapernichecatering.com\/?product=ensalada-de-bulgur-con-alcachofas#primaryimage","url":"https:\/\/www.lapernichecatering.com\/wp-content\/uploads\/2025\/12\/3575607347.jpg","contentUrl":"https:\/\/www.lapernichecatering.com\/wp-content\/uploads\/2025\/12\/3575607347.jpg","width":1125,"height":1125},{"@type":"BreadcrumbList","@id":"https:\/\/www.lapernichecatering.com\/?product=ensalada-de-bulgur-con-alcachofas#breadcrumb","itemListElement":[{"@type":"ListItem","position":1,"name":"Home","item":"https:\/\/www.lapernichecatering.com\/"},{"@type":"ListItem","position":2,"name":"Tienda","item":"https:\/\/www.lapernichecatering.com\/?page_id=7"},{"@type":"ListItem","position":3,"name":"Ensalada de bulgur con alcachofas"}]},{"@type":"WebSite","@id":"https:\/\/www.lapernichecatering.com\/#website","url":"https:\/\/www.lapernichecatering.com\/","name":"La Perniche Catering","description":"","publisher":{"@id":"https:\/\/www.lapernichecatering.com\/#organization"},"potentialAction":[{"@type":"SearchAction","target":{"@type":"EntryPoint","urlTemplate":"https:\/\/www.lapernichecatering.com\/?s={search_term_string}"},"query-input":{"@type":"PropertyValueSpecification","valueRequired":true,"valueName":"search_term_string"}}],"inLanguage":"es"},{"@type":"Organization","@id":"https:\/\/www.lapernichecatering.com\/#organization","name":"La Perniche Catering","url":"https:\/\/www.lapernichecatering.com\/","logo":{"@type":"ImageObject","inLanguage":"es","@id":"https:\/\/www.lapernichecatering.com\/#\/schema\/logo\/image\/","url":"https:\/\/www.lapernichecatering.com\/wp-content\/uploads\/2025\/11\/cropped-Logo_web_250-1.png","contentUrl":"https:\/\/www.lapernichecatering.com\/wp-content\/uploads\/2025\/11\/cropped-Logo_web_250-1.png","width":302,"height":250,"caption":"La Perniche Catering"},"image":{"@id":"https:\/\/www.lapernichecatering.com\/#\/schema\/logo\/image\/"}}]}},"_links":{"self":[{"href":"https:\/\/www.lapernichecatering.com\/index.php?rest_route=\/wp\/v2\/product\/11229","targetHints":{"allow":["GET"]}}],"collection":[{"href":"https:\/\/www.lapernichecatering.com\/index.php?rest_route=\/wp\/v2\/product"}],"about":[{"href":"https:\/\/www.lapernichecatering.com\/index.php?rest_route=\/wp\/v2\/types\/product"}],"wp:featuredmedia":[{"embeddable":true,"href":"https:\/\/www.lapernichecatering.com\/index.php?rest_route=\/wp\/v2\/media\/11230"}],"wp:attachment":[{"href":"https:\/\/www.lapernichecatering.com\/index.php?rest_route=%2Fwp%2Fv2%2Fmedia&parent=11229"}],"wp:term":[{"taxonomy":"product_cat","embeddable":true,"href":"https:\/\/www.lapernichecatering.com\/index.php?rest_route=%2Fwp%2Fv2%2Fproduct_cat&post=11229"},{"taxonomy":"product_tag","embeddable":true,"href":"https:\/\/www.lapernichecatering.com\/index.php?rest_route=%2Fwp%2Fv2%2Fproduct_tag&post=11229"}],"curies":[{"name":"wp","href":"https:\/\/api.w.org\/{rel}","templated":true}]}}